ed by 20.
14
What is the remainder when 957974 is divided by 145?
104
What is the remainder when 13578984 is divided by 1006?
1002
Calculate the remainder when 4990639 is divided by 964.
11
Calculate the remainder when 763313 is divided by 247.
83
Calculate the remainder when 158681 is divided by 709.
574
Calculate the remainder when 206326930 is divided by 68775637.
19
Calculate the remainder when 50123 is divided by 16258.
1349
Calculate the remainder when 539442 is divided by 965.
7
What is the remainder when 397456 is divided by 2007?
70
Calculate the remainder when 301912 is divided by 238.
128
Calculate the remainder when 330783 is divided by 1361.
60
Calculate the remainder when 3752939 is divided by 10.
9
What is the remainder when 609627 is divided by 50615?
2247
Calculate the remainder when 1271331 is divided by 5364.
63
What is the remainder when 4495142 is divided by 2247564?
14
What is the remainder when 1741872 is divided by 248775?
447
Calculate the remainder when 3401814 is divided by 566757.
1272
What is the remainder when 1951431 is divided by 33075?
6
What is the remainder when 6155944 is divided by 334?
324
What is the remainder when 145864 is divided by 72888?
88
Calculate the remainder when 1371693 is divided by 2454.
2361
What is the remainder when 734877 is divided by 23698?
239
Calculate the remainder when 16865089 is divided by 7479.
7423
Calculate the remainder when 14506561 is divided by 157680.
1
What is the remainder when 86132 is divided by 3895?
442
What is the remainder when 57173 is divided by 983?
159
What is the remainder when 371073 is divided by 61771?
447
What is the remainder when 13039 is divided by 2164?
55
What is the remainder when 1656364 is divided by 25?
14
Calculate the remainder when 14635933 is divided by 7317937.
59
What is the remainder when 4813136 is divided by 4813133?
3
What is the remainder when 280557 is divided by 7873?
5002
What is the remainder when 86162865 is divided by 68?
65
Calculate the remainder when 339398 is divided by 836.
818
What is the remainder when 13595509 is divided by 68?
65
Calculate the remainder when 205442 is divided by 9303.
776
Calculate the remainder when 482824 is divided by 43.
20
What is the remainder when 506028 is divided by 167920?
2268
Calculate the remainder when 132524 is divided by 444.
212
Calculate the remainder when 21842 is divided by 2680.
402
Calculate the remainder when 190481800 is divided by 798.
796
What is the remainder when 101094676 is divided by 168?
4
What is the remainder when 1024061 is divided by 341293?
182
What is the remainder when 50129544 is divided by 6746?
18
Calculate the remainder when 6275971 is divided by 193.
190
What is the remainder when 45878 is divided by 15280?
38
Calculate the remainder when 13047 is divided by 3757.
1776
Calculate the remainder when 307491735 is divided by 3.
0
Calculate the remainder when 7962 is divided by 1665.
1302
Calculate the remainder when 8874511 is divided by 16.
15
Calculate the remainder when 1727656 is divided by 71.
13
What is the remainder when 565493845 is divided by 94?
91
What is the remainder when 73111 is divided by 1520?
151
Calculate the remainder when 9076169 is divided by 277.
264
Calculate the remainder when 116271 is divided by 6616.
3799
What is the remainder when 5762792 is divided by 200?
192
Calculate the remainder when 46542660 is divided by 1292851.
24
What is the remainder when 102548 is divided by 25602?
140
Calculate the remainder when 234550678 is divided by 376.
374
Calculate the remainder when 19557 is divided by 3110.
897
What is the remainder when 315896524 is divided by 99?
97
Calculate the remainder when 3319727 is divided by 301768.
279
What is the remainder when 72951 is divided by 398?
117
What is the remainder when 1197302 is divided by 90?
32
What is the remainder when 14656190 is divided by 143688?
14
Calculate the remainder when 6181518 is divided by 277.
263
Calculate the remainder when 52452 is divided by 63.
36
Calculate the remainder when 10829058 is divided by 1553.
1542
What is the remainder when 1256942 is divided by 4148?
98
Calculate the remainder when 99274895 is divided by 2824.
2823
Calculate the remainder when 16788036 is divided by 45496.
12
Calculate the remainder when 580090 is divided by 11264.
5626
What is the remainder when 199039 is divided by 810?
589
What is the remainder when 849637 is divided by 53097?
85
What is the remainder when 46860078 is divided by 3074?
22
Calculate the remainder when 2308016 is divided by 326.
262
Calculate the remainder when 167101 is divided by 80960.
5181
What is the remainder when 3798044 is divided by 193?
190
Calculate the remainder when 1819056 is divided by 2419.
2387
What is the remainder when 3494658 is divided by 748?
2
Calculate the remainder when 141924877 is divided by 19.
7
Calculate the remainder when 1522732 is divided by 57.
34
What is the remainder when 18140707 is divided by 4789?
4764
Calculate the remainder when 522856 is divided by 172.
148
What is the remainder when 85809 is divided by 17135?
134
Calculate the remainder when 306077561 is divided by 26.
23
Calculate the remainder when 169369 is divided by 56435.
64
Calculate the remainder when 14250914 is divided by 5.
4
Calculate the remainder when 121886 is divided by 31.
25
Calculate the remainder when 901138 is divided by 450542.
54
Calculate the remainder when 393091698 is divided by 148.
146
Calculate the remainder when 1767962 is divided by 621.
596
Calculate the remainder when 79361370 is divided by 68.
66
What is the remainder when 2779493 is divided by 84227?
2
Calculate the remainder when 659341 is divided by 659290.
51
What is the remainder when 18419 is divided by 3655?
144
Calculate the remainder when 4737829 is divided by 14.
5
What is the remainder when 2024232 is divided by 1012112?
8
What is the remainder when 2740398 is divided by 88397?
91
Calculate the remainder when 23474271 is divided by 152.
151
What is the remainder when 8505621 is divided by 4252805?
11
What is the remainder when 14916977 is divided by 61896?
41
What is the remainder when 36626 is divided by 488?
26
What is the remainder when 7179481 is divided by 1196579?
7
Calculate the remainder when 850971 is divided by 283573.
252
Calculate the remainder when 965205 is divided by 15823.
2
What is the remainder when 37900875 is divided by 650?
25
What is the remainder when 14448597 is divided by 225?
222
What is the remainder when 33760723 is divided by 496481?
15
What is the remainder when 7297726 is divided by 938?
86
Calculate the remainder when 967778 is divided by 6774.
5870
Calculate the remainder when 8743555 is divided by 1095.
1075
Calculate the remainder when 7444 is divided by 1874.
1822
Calculate the remainder when 19732338 is divided by 6577444.
6
Calculate the remainder when 74789 is divided by 17944.
3013
Calculate the remainder when 1346851 is divided by 92.
63
What is the remainder when 129465655 is divided by 6473282?
15
Calculate the remainder when 1514500 is divided by 233.
0
What is the remainder when 4341727 is divided by 1447237?
16
Calculate the remainder when 12543893 is divided by 303.
299
What is the remainder when 50453 is divided by 23926?
2601
What is the remainder when 9641539 is divided by 152?
27
What is the remainder when 221724748 is divided by 18?
10
Calculate the remainder when 1694577 is divided by 22297.
5
What is the remainder when 12996919 is divided by 127?
120
What is the remainder when 30181691 is divided by 4300?
4291
Calculate the remainder when 119222 is divided by 39581.
479
Calculate the remainder when 438497 is divided by 4923.
350
What is the remainder when 8088371 is divided by 36?
35
Calculate the remainder when 154000404 is divided by 922158.
18
Calculate the remainder when 99020 is divided by 32937.
209
What is the remainder when 135683 is divided by 14573?
4526
Calculate the remainder when 189400151 is divided by 701482.
11
What is the remainder when 62609479 is divided by 1123?
1106
What is the remainder when 51053 is divided by 1287?
860
What is the remainder when 24517747 is divided by 4?
3
Calculate the remainder when 389695 is divided by 418.
119
What is the remainder when 3026876 is